{"id":962,"date":"2018-05-08T08:13:41","date_gmt":"2018-05-08T08:13:41","guid":{"rendered":"http:\/\/expert-themes.com\/wp\/global-industry\/?page_id=170"},"modified":"2021-03-19T11:59:22","modified_gmt":"2021-03-19T14:59:22","slug":"empresa","status":"publish","type":"page","link":"https:\/\/ingenieriacabrera.com.ar\/nuevo\/empresa\/","title":{"rendered":"Empresa"},"content":{"rendered":"<p><section class=\"kc-elm kc-css-549876 kc_row\"><div class=\"kc-row-container\"><div class=\"kc-wrap-columns\"><div class=\"kc-elm kc-css-789858 kc_col-sm-12 kc_column kc_col-sm-12\"><div class=\"kc-col-container\"><!--Welcome Section-->\n<section class=\"welcome-section\">\n    <div class=\"auto-container\">\n        <div class=\"row clearfix\">\n            \n            <!--Content Column-->\n            <div class=\"content-column col-md-7 col-sm-12 col-xs-12\">\n                <div class=\"inner-column\">\n                    <h2>Bienvenido a  <span>Ingenieria cabrera<\/span><\/h2>\n                    <div class=\"text\">\n                        <p>En la d\u00e9cada del 70\u2019 surgimos como proveedores de ingenier\u00eda a distintos tipos de industrias y empresas constructoras. Por entonces nos identificamos como mercenarios de la Ingenieria. \r\nEn ese momento las obras de gran envergadura (como el helipuerto de EPEC o sub estaciones de transformaci\u00f3n) buscaban nuestros servicios de direcci\u00f3n t\u00e9cnica. Pero el mercado de a poco se volvi\u00f3 m\u00e1s proclive a comprar llave en mano. \r\nFue as\u00ed que el desarrollo de gr\u00faas hidr\u00e1ulicas montadas sobre cami\u00f3n, las estructuras de p\u00f3rticos, puentes gr\u00faa, etc hicieron necesario desarrollar nuestra propia planta de fabricaci\u00f3n. \r\nLa crisis del a\u00f1o 2000 nos llev\u00f3 a montar una planta de fabricaci\u00f3n en Extremadura Espa\u00f1a, lo cual incremento nuestra visi\u00f3n de un mercado m\u00e1s exigente, m\u00e1s comercial, pero con estrictas exigencias de seguridad. Hoy implementamos toda esa experiencia en nuestro pa\u00eds.\r\n<\/p>\n                        <h3> <\/h3>\n                        <p> <\/p>\n                    <\/div>\n                    <a href=\"http:\/\/ingenieriacabrera.com.ar\/nuevo\/services\/puentes-grua\/\" class=\"theme-btn btn-style-three\">Ver Soluciones<\/a>\n                <\/div>\n            <\/div>\n            \n            <!--image Column-->\n            <div class=\"image-column col-md-5 col-sm-12 col-xs-12\">\n                <div class=\"image\">\n                    <img decoding=\"async\" src=\"http:\/\/ingenieriacabrera.com.ar\/nuevo\/wp-content\/uploads\/2021\/03\/ingeniero_cabrera-1.jpg\" alt=\"Welcome banner Image\" \/>\n                <\/div>\n            <\/div>\n            \n        <\/div>\n    <\/div>\n<\/section>\n<!--End Welcome Section--><\/div><\/div><\/div><\/div><\/section><section class=\"kc-elm kc-css-441020 kc_row\"><div class=\"kc-row-container\"><div class=\"kc-wrap-columns\"><div class=\"kc-elm kc-css-902862 kc_col-sm-12 kc_column kc_col-sm-12\"><div class=\"kc-col-container\"> \n\n<!--Work Section-->\n<section class=\"work-section\" style=\"background-image:url('http:\/\/ingenieriacabrera.com.ar\/nuevo\/wp-content\/uploads\/2021\/03\/slide3-1.jpg')\">\n    <div class=\"auto-container\">\n        <div class=\"sec-title light centered\">\n            <h2>NUESTRO PROCESO DE TRABAJO<\/h2>\n            <div class=\"separater\"><\/div>\n        <\/div>\n        \n        <div class=\"row clearfix\">\n                        <!--Process Block-->\n            <div class=\"process-block col-lg-3 col-md-6 col-sm-6 col-xs-12\">\n                <div class=\"inner-box\">\n                    <div class=\"upper-box\">\n                        <div class=\"icon-box\">\n                            <span class=\"icon fa fa-users\"><\/span>\n                        <\/div>\n                    <\/div>\n                    <div class=\"lower-box\">\n                        <h3>REUNI\u00d3N<\/h3>\n                        <div class=\"text\">Reconocemos necesidades del cliente. Generalmente intercambiamos nuestra experiencia con sus objetivos. Visita de obra correspondiente.<\/div>\n                    <\/div>\n                <\/div>\n            <\/div>\n                        <!--Process Block-->\n            <div class=\"process-block col-lg-3 col-md-6 col-sm-6 col-xs-12\">\n                <div class=\"inner-box\">\n                    <div class=\"upper-box\">\n                        <div class=\"icon-box\">\n                            <span class=\"icon fa fa-file-text-o\"><\/span>\n                        <\/div>\n                    <\/div>\n                    <div class=\"lower-box\">\n                        <h3>INGENIER\u00cdA Y PRESUPUESTO<\/h3>\n                        <div class=\"text\">C\u00e1lculo de costos emergente del dise\u00f1o y de las soluciones que nuestra ingenier\u00eda propone. Con estos valores calculados de material y la mano de obra estimada se efect\u00faa un presupuesto que se env\u00eda al cliente para aprobaci\u00f3n.<\/div>\n                    <\/div>\n                <\/div>\n            <\/div>\n                        <!--Process Block-->\n            <div class=\"process-block col-lg-3 col-md-6 col-sm-6 col-xs-12\">\n                <div class=\"inner-box\">\n                    <div class=\"upper-box\">\n                        <div class=\"icon-box\">\n                            <span class=\"icon fa fa-cogs\"><\/span>\n                        <\/div>\n                    <\/div>\n                    <div class=\"lower-box\">\n                        <h3>INGENIER\u00cdA Y FABRICACI\u00d3N<\/h3>\n                        <div class=\"text\">Con la orden de compra aprobada se efect\u00faa la orden interna con toda la documentaci\u00f3n t\u00e9cnica necesaria para la construcci\u00f3n en planta. Cada etapa de la construcci\u00f3n de la maquina tiene un control de calidad seg\u00fan las tolerancias estipuladas en los planos correspondientes.<\/div>\n                    <\/div>\n                <\/div>\n            <\/div>\n                        <!--Process Block-->\n            <div class=\"process-block col-lg-3 col-md-6 col-sm-6 col-xs-12\">\n                <div class=\"inner-box\">\n                    <div class=\"upper-box\">\n                        <div class=\"icon-box\">\n                            <span class=\"icon fa fa-check-square-o\"><\/span>\n                        <\/div>\n                    <\/div>\n                    <div class=\"lower-box\">\n                        <h3>INSTALACI\u00d3N Y CALIDAD<\/h3>\n                        <div class=\"text\">Una vez concluida la construcci\u00f3n de la maquina en nuestra planta se procede a su transporte, instalaci\u00f3n y montaje en obra. En esta etapa se procede a hacer la verificaci\u00f3n funcional y prueba de carga seg\u00fan normas.<\/div>\n                    <\/div>\n                <\/div>\n            <\/div>\n                    <\/div>\n        \n    <\/div>\n<\/section>\n<!--End Work Section-->\n\n<\/div><\/div><\/div><\/div><\/section><section class=\"kc-elm kc-css-343556 kc_row\"><div class=\"kc-row-container\"><div class=\"kc-wrap-columns\"><div class=\"kc-elm kc-css-224275 kc_col-sm-12 kc_column kc_col-sm-12\"><div class=\"kc-col-container\"><!--Counter Section-->\n<section class=\"counter-section\" style=\"background-image:url('http:\/\/expert-themes.com\/wp\/global-industry\/wp-content\/uploads\/2018\/06\/3.jpg')\"\">\n    <div class=\"auto-container\">\n        <div class=\"row clearfix\">\n            \n            <!--Counter Column-->\n            <div class=\"counter-main-column col-md-8 col-sm-12 col-xs-12\">\n                <div class=\"inner-column\">\n                    \n                    <div class=\"fact-counter\">\n            \n                        <div class=\"row clearfix\">\n                        \t                            <!--Column-->\n                            <div class=\"column counter-column col-md-4 col-sm-4 col-xs-12\">\n                                <div class=\"inner\">\n                                    <div class=\"count-outer count-box\">\n                                        <span class=\"count-text\" data-speed=\"3500\" data-stop=\"1200\">0<\/span>+                                    <\/div>\n                                    <h4 class=\"counter-title\">Proyectos realizados<\/h4>\n                                <\/div>\n                            <\/div>\n                    \t\t                            <!--Column-->\n                            <div class=\"column counter-column col-md-4 col-sm-4 col-xs-12\">\n                                <div class=\"inner\">\n                                    <div class=\"count-outer count-box\">\n                                        <span class=\"count-text\" data-speed=\"3500\" data-stop=\"800\">0<\/span>+                                    <\/div>\n                                    <h4 class=\"counter-title\">Clientes satisfechos<\/h4>\n                                <\/div>\n                            <\/div>\n                    \t\t                            <!--Column-->\n                            <div class=\"column counter-column col-md-4 col-sm-4 col-xs-12\">\n                                <div class=\"inner\">\n                                    <div class=\"count-outer count-box\">\n                                        <span class=\"count-text\" data-speed=\"3500\" data-stop=\"100\">0<\/span>%                                    <\/div>\n                                    <h4 class=\"counter-title\">Env\u00edo a todo el pa\u00eds y lim\u00edtrofes<\/h4>\n                                <\/div>\n                            <\/div>\n                    \t\t                        <\/div>\n                        \n                    <\/div>\n                    \n                <\/div>\n            <\/div>\n            <!--Image Column-->\n            <div class=\"image-column col-md-4 col-sm-12 col-xs-12\">\n                <div class=\"image\">\n                    <img decoding=\"async\" src=\"https:\/\/ingenieriacabrera.com.ar\/nuevo\/wp-content\/uploads\/2021\/03\/elicoptero.jpg\" alt=\"Fun Fact Image\" \/>\n                <\/div>\n            <\/div>\n            \n        <\/div>\n    <\/div>\n<\/section>\n<!--End Counter Section--><\/div><\/div><\/div><\/div><\/section><section class=\"kc-elm kc-css-937271 kc_row\"><div class=\"kc-row-container\"><div class=\"kc-wrap-columns\"><div class=\"kc-elm kc-css-617024 kc_col-sm-12 kc_column kc_col-sm-12\"><div class=\"kc-col-container\"><!--Product Section-->\n<section class=\"product-section alternate\">\n    <div class=\"upper-box\" style=\"background-image:url('')\">\n        <div class=\"auto-container\">\n            <h2>Desarrollamos <span class=\"theme_color\">soluciones innovadoras <\/span>para el progreso de su empresa.<br>\r\nNuestro equipo de profesionales trabaja d\u00eda a d\u00eda para mejorar su productividad.<\/h2>\n        <\/div>\n    <\/div>\n    <div class=\"auto-container\">\n        <div class=\"lower-box\">\n            <div class=\"clearfix\">\n                <!--Image Column-->\n                <div class=\"image-column col-md-6 col-sm-12 col-xs-12\">\n                    <div class=\"image\">\n                        <img decoding=\"async\" src=\"http:\/\/ingenieriacabrera.com.ar\/nuevo\/wp-content\/uploads\/2021\/03\/7-5tn_nueva.jpg\" alt=\"Footer Logo\" \/>\n                    <\/div>\n                <\/div>\n                <!--Content Column-->\n                <div class=\"content-column col-md-6 col-sm-12 col-xs-12\">\n                    <div class=\"inner-column\">\n                        <h3>Porqu\u00e9 elegirnos<\/h3>\n                        <div class=\"text\">\n                            <p>Una m\u00e1quina de elevaci\u00f3n y transporte es una m\u00e1quina de m\u00e1xima seguridad y rendimiento. <\/p>\r\n<p>Es por esto que en Ingenier\u00eda Cabrera le garantizamos la mayor calidad con la aplicaci\u00f3n de normas internacionales.\r\n\u201cIngenieria argentina, mano de obra nacional\u201d<\/p>\r\n                        <\/div>\n                        <div class=\"row clearfix\">\n                            <div class=\"column col-md-6 col-sm-6 col-xs-12\">\n                                <ul class=\"list-style-one\">\n                                                                                                            <li><span class=\"icon flaticon-tool\"><\/span>Normas de calidad<\/li>\n                                                                                                            <li><span class=\"icon flaticon-mechanic\"><\/span>Profesionales<\/li>\n                                                                                                        <\/ul>\n                            <\/div>\n                            <div class=\"column col-md-6 col-sm-6 col-xs-12\">\n                                <ul class=\"list-style-one\">\n                                                                        <li><span class=\"icon flaticon-clock-2\"><\/span>Tiempos de entrega<\/li>\n                                                                                                            <li><span class=\"icon flaticon-megaphone\"><\/span>Trayectoria<\/li>\n                                                                    <\/ul>\n                            <\/div>\n                        <\/div>\n                    <\/div>\n                <\/div>\n            <\/div>\n        <\/div>\n    <\/div>\n<\/section>\n<!--End Product Section--><\/div><\/div><\/div><\/div><\/section><section class=\"kc-elm kc-css-537513 kc_row\"><div class=\"kc-row-container\"><div class=\"kc-wrap-columns\"><div class=\"kc-elm kc-css-119761 kc_col-sm-12 kc_column kc_col-sm-12\"><div class=\"kc-col-container\"><!--Subscribe Section-->\n<section class=\"subscribe-section\">\n    <div class=\"auto-container\">\n        <div class=\"row clearfix\">\n            <div class=\"title-column col-md-6 col-sm-12 col-xs-12\">\n                <h2>Keep Up To Date<\/h2>\n                <div class=\"text\">Sign up for our newsletter and follow us on social media<\/div>\n            <\/div>\n            <div class=\"column col-md-6 col-sm-12 col-xs-12\">\n                <div class=\"subscribe-form-two\">\n                    <form method=\"get\" action=\"http:\/\/feedburner.google.com\/fb\/a\/mailverify\" accept-charset=\"utf-8\">\n                        <div class=\"form-group\">\n                            <input type=\"hidden\" id=\"uri3\" name=\"uri\" value=\"themeforest\">\n                            <input type=\"email\" name=\"email\" value=\"\" placeholder=\"Your email address\" required>\n                            <button type=\"submit\" class=\"theme-btn\">Subscribe<\/button>\n                        <\/div>\n                    <\/form>\n                <\/div>\n            <\/div>\n        <\/div>\n    <\/div>\n<\/section>\n<!--End Subscribe Section--><\/div><\/div><\/div><\/div><\/section><\/p>\n","protected":false},"excerpt":{"rendered":"","protected":false},"author":1,"featured_media":0,"parent":0,"menu_order":0,"comment_status":"closed","ping_status":"closed","template":"tpl-king_composer.php","meta":{"footnotes":""},"class_list":["post-962","page","type-page","status-publish","hentry"],"_links":{"self":[{"href":"https:\/\/ingenieriacabrera.com.ar\/nuevo\/wp-json\/wp\/v2\/pages\/962","targetHints":{"allow":["GET"]}}],"collection":[{"href":"https:\/\/ingenieriacabrera.com.ar\/nuevo\/wp-json\/wp\/v2\/pages"}],"about":[{"href":"https:\/\/ingenieriacabrera.com.ar\/nuevo\/wp-json\/wp\/v2\/types\/page"}],"author":[{"embeddable":true,"href":"https:\/\/ingenieriacabrera.com.ar\/nuevo\/wp-json\/wp\/v2\/users\/1"}],"replies":[{"embeddable":true,"href":"https:\/\/ingenieriacabrera.com.ar\/nuevo\/wp-json\/wp\/v2\/comments?post=962"}],"version-history":[{"count":19,"href":"https:\/\/ingenieriacabrera.com.ar\/nuevo\/wp-json\/wp\/v2\/pages\/962\/revisions"}],"predecessor-version":[{"id":1673,"href":"https:\/\/ingenieriacabrera.com.ar\/nuevo\/wp-json\/wp\/v2\/pages\/962\/revisions\/1673"}],"wp:attachment":[{"href":"https:\/\/ingenieriacabrera.com.ar\/nuevo\/wp-json\/wp\/v2\/media?parent=962"}],"curies":[{"name":"wp","href":"https:\/\/api.w.org\/{rel}","templated":true}]}}